{"id":23841,"date":"2023-05-23T21:04:12","date_gmt":"2023-05-23T21:04:12","guid":{"rendered":"https:\/\/www.ampeco.com\/veranstaltungen\/"},"modified":"2024-02-01T10:31:46","modified_gmt":"2024-02-01T10:31:46","slug":"veranstaltungen","status":"publish","type":"page","link":"https:\/\/www.ampeco.com\/de\/veranstaltungen\/","title":{"rendered":"EV-Ladeveranstaltungen"},"content":{"rendered":"\n<div class=\"wp-block-cover aligncenter\"><span aria-hidden=\"true\" class=\"wp-block-cover__background has-background-dim wp-block-cover__gradient-background has-background-gradient has-dark-gradient-gradient-background\"><\/span><img loading=\"lazy\" decoding=\"async\" width=\"2560\" height=\"866\" class=\"wp-block-cover__image-background wp-image-19323\" alt=\"-\" src=\"https:\/\/www.ampeco.com\/content\/uploads\/2023\/05\/ampeco-team-at-events-scaled.jpg\" style=\"object-position:46% 40%\" data-object-fit=\"cover\" data-object-position=\"46% 40%\" title=\"\" srcset=\"https:\/\/www.ampeco.com\/content\/uploads\/2023\/05\/ampeco-team-at-events-scaled.jpg 2560w, https:\/\/www.ampeco.com\/content\/uploads\/2023\/05\/ampeco-team-at-events-1536x519.jpg 1536w, https:\/\/www.ampeco.com\/content\/uploads\/2023\/05\/ampeco-team-at-events-1920x649.jpg 1920w, https:\/\/www.ampeco.com\/content\/uploads\/2023\/05\/ampeco-team-at-events-300x101.jpg 300w, https:\/\/www.ampeco.com\/content\/uploads\/2023\/05\/ampeco-team-at-events-768x260.jpg 768w, https:\/\/www.ampeco.com\/content\/uploads\/2023\/05\/ampeco-team-at-events-1024x346.jpg 1024w, https:\/\/www.ampeco.com\/content\/uploads\/2023\/05\/ampeco-team-at-events-2048x693.jpg 2048w, https:\/\/www.ampeco.com\/content\/uploads\/2023\/05\/ampeco-team-at-events-96x32.jpg 96w, https:\/\/www.ampeco.com\/content\/uploads\/2023\/05\/ampeco-team-at-events-330x112.jpg 330w, https:\/\/www.ampeco.com\/content\/uploads\/2023\/05\/ampeco-team-at-events-660x223.jpg 660w, https:\/\/www.ampeco.com\/content\/uploads\/2023\/05\/ampeco-team-at-events-512x173.jpg 512w, https:\/\/www.ampeco.com\/content\/uploads\/2023\/05\/ampeco-team-at-events-600x203.jpg 600w, https:\/\/www.ampeco.com\/content\/uploads\/2023\/05\/ampeco-team-at-events-1200x406.jpg 1200w, https:\/\/www.ampeco.com\/content\/uploads\/2023\/05\/ampeco-team-at-events-840x284.jpg 840w, https:\/\/www.ampeco.com\/content\/uploads\/2023\/05\/ampeco-team-at-events-1680x568.jpg 1680w\" sizes=\"auto, (max-width: 2560px) 100vw, 2560px\" \/><div class=\"wp-block-cover__inner-container is-layout-flow wp-block-cover-is-layout-flow\">\n<div style=\"border-radius:var(--spacing-4xl, 32px);overflow:hidden;\" class=\"wp-block-group is-style-default is-layout-constrained wp-block-group-is-layout-constrained\">\n<p class=\"has-text-align-center has-white-color has-text-color has-m-font-size\">Veranstaltungen<\/p>\n\n\n\n<h1 class=\"has-text-align-center narrow-800 is-style-default m-b-32 has-white-color has-text-color has-xxl-font-size wp-block-heading\"><strong>Termine und Veranstaltungen, wo wir uns treffen k\u00f6nnen<\/strong><\/h1>\n\n\n\n<p class=\"has-text-align-center narrow-800 has-white-color has-text-color has-m-font-size\">Lassen Sie uns besprechen, wie Sie Ihr EV-Ladegesch\u00e4ft starten, optimieren und ausbauen k\u00f6nnen.<\/p>\n<\/div>\n<\/div><\/div>\n\n<div style=\"border-radius:var(--spacing-4xl, 32px);overflow:hidden;\" class=\"wp-block-group is-style-section-nds is-layout-constrained wp-block-group-is-layout-constrained\">\n\n<div id=\"events-block_f09bad97e14e80aaef2c0124c707e9db\" class=\"block-events\">\n\t\t\t<div id=\"events-container\">\n\t\t\t\t\t\t\t<a href=\"https:\/\/www.ampeco.com\/de\/events\/meet-ampeco-at-nordic-ev-summit-2026\/\" class=\"event future\" data-event-id=\"53844\">\n\t<div class=\"event-date\">\n\t\t\t\t\t<span class=\"day\">\n\t\t\t\t06\t\t\t<\/span>\n\t\t\t<span class=\"month\">\n\t\t\t\tMay\t\t\t<\/span>\n\t\t\t<\/div>\n\t<div class=\"event-content\">\n\t\t<h2 class=\"event-title\">\n\t\t\tNordic EV Summit 2026\t\t<\/h2>\n\t\t<div class=\"event-excerpt\">\n\t\t\t<p>Meet AMPECO at Nordic EV Summit 2026 in Lillestr\u00f8m, May 6\u20137. Returning exhibitor with live CoOperator AI demos. Book a meeting with our team at NEVS 2026.<\/p><\/div>\n\t\t\t\t\t<p class=\"at-the-event\">Meet us at <span>Booth B02-10<\/span><\/p>\n\t\t\n\t\t<div class=\"entry_meta_read_more\">\n\t\t\t<span>\n\t\t\t\tRead More\t\t\t<\/span>\n\t\t<\/div>\n\t<\/div>\n<\/a>\n\t\t\t\t\t\t\t<a href=\"https:\/\/www.ampeco.com\/de\/events\/meet-ampeco-at-act-expo-2026\/\" class=\"event future\" data-event-id=\"53764\">\n\t<div class=\"event-date\">\n\t\t\t\t\t<span class=\"day\">\n\t\t\t\t04\t\t\t<\/span>\n\t\t\t<span class=\"month\">\n\t\t\t\tMay\t\t\t<\/span>\n\t\t\t<\/div>\n\t<div class=\"event-content\">\n\t\t<h2 class=\"event-title\">\n\t\t\tACT Expo 2026\t\t<\/h2>\n\t\t<div class=\"event-excerpt\">\n\t\t\t<p>Join AMPECO in Las Vegas, USA, May 4-7, 2026 at North America&#8217;s largest advanced vehicle technology event. Explore our EV charging platform alongside industry leaders shaping the future of fleet electrification.<\/p><\/div>\n\t\t\t\t\t<p class=\"at-the-event\">Meet us at <span>BOOTH 3001<\/span><\/p>\n\t\t\n\t\t<div class=\"entry_meta_read_more\">\n\t\t\t<span>\n\t\t\t\tRead More\t\t\t<\/span>\n\t\t<\/div>\n\t<\/div>\n<\/a>\n\t\t\t\t\t\t\t<a href=\"https:\/\/www.ampeco.com\/de\/events\/meet-ampeco-at-ev-and-charging-expo-2026\/\" class=\"event past\" data-event-id=\"53442\">\n\t<div class=\"event-date\">\n\t\t\t\t\t<span class=\"day\">\n\t\t\t\t08\t\t\t<\/span>\n\t\t\t<span class=\"month\">\n\t\t\t\tApr\t\t\t<\/span>\n\t\t\t<\/div>\n\t<div class=\"event-content\">\n\t\t<h2 class=\"event-title\">\n\t\t\tEV &#038; Charging Expo 2026\t\t<\/h2>\n\t\t<div class=\"event-excerpt\">\n\t\t\t<p>Join us at Canada&#8217;s leading event for zero-emissions transportation and EV charging infrastructure. Meet the AMPECO team at Booth 622.<\/p><\/div>\n\t\t\t\t\t<p class=\"at-the-event\">Meet us at <span>BOOTH 622<\/span><\/p>\n\t\t\n\t\t<div class=\"entry_meta_read_more\">\n\t\t\t<span>\n\t\t\t\tRead More\t\t\t<\/span>\n\t\t<\/div>\n\t<\/div>\n<\/a>\n\t\t\t\t\t\t\t<a href=\"https:\/\/www.ampeco.com\/de\/events\/meet-ampeco-at-ev-charging-summit-expo-2026\/\" class=\"event past\" data-event-id=\"52042\">\n\t<div class=\"event-date\">\n\t\t\t\t\t<span class=\"day\">\n\t\t\t\t17\t\t\t<\/span>\n\t\t\t<span class=\"month\">\n\t\t\t\tMar\t\t\t<\/span>\n\t\t\t<\/div>\n\t<div class=\"event-content\">\n\t\t<h2 class=\"event-title\">\n\t\t\tEV Charging Summit &#038; Expo 2026\t\t<\/h2>\n\t\t<div class=\"event-excerpt\">\n\t\t\t<p>Join AMPECO at EV Charging Summit &amp; Expo 2026, North America&#8217;s largest event dedicated to EV charging infrastructure. Meet our team at Booth #1601 and hear Michael Greenberg share insights on charger utilization and managed charging programs.<\/p><\/div>\n\t\t\t\t\t<p class=\"at-the-event\">Meet us at <span>BOOTH 1601<\/span><\/p>\n\t\t\n\t\t<div class=\"entry_meta_read_more\">\n\t\t\t<span>\n\t\t\t\tRead More\t\t\t<\/span>\n\t\t<\/div>\n\t<\/div>\n<\/a>\n\t\t\t\t\t\t\t<a href=\"https:\/\/www.ampeco.com\/de\/events\/meet-ampeco-at-key-the-energy-transition-expo-2026\/\" class=\"event past\" data-event-id=\"52116\">\n\t<div class=\"event-date\">\n\t\t\t\t\t<span class=\"day\">\n\t\t\t\t04\t\t\t<\/span>\n\t\t\t<span class=\"month\">\n\t\t\t\tMar\t\t\t<\/span>\n\t\t\t<\/div>\n\t<div class=\"event-content\">\n\t\t<h2 class=\"event-title\">\n\t\t\tKEY &#8211; The Energy Transition Expo 2026\t\t<\/h2>\n\t\t<div class=\"event-excerpt\">\n\t\t\t<p>Meet AMPECO at KEY &#8211; The Energy Transition Expo 2026, March 4-6 in Rimini, Italy. Visit us at the e-Mobility Expo to explore our EV charging management platform<\/p><\/div>\n\t\t\t\t\t<p class=\"at-the-event\">Meet us at <span>BOOTH 144<\/span><\/p>\n\t\t\n\t\t<div class=\"entry_meta_read_more\">\n\t\t\t<span>\n\t\t\t\tRead More\t\t\t<\/span>\n\t\t<\/div>\n\t<\/div>\n<\/a>\n\t\t\t\t\t<\/div>\n\t\t\t\t\t<div class=\"wp-block-button aligncenter is-style-short-underline-nds-centered load-more-events-button\">\n\t\t\t\t<button class=\"wp-block-button__link\" id=\"load-more\">Load More Events<\/button>\n\t\t\t<\/div>\n\t\t\t<\/div>\n\n\n\n<div class=\"wp-block-group reveal is-style-section-nds-1100 is-layout-constrained wp-block-group-is-layout-constrained\">\n<div class=\"wp-block-media-text has-media-on-the-right is-stacked-on-mobile\"><div class=\"wp-block-media-text__content\">\n<h2 class=\"wp-block-heading\">Treffen Sie uns pers\u00f6nlich!<\/h2>\n\n\n\n<p class=\"has-m-font-size\">Ganz gleich, ob Sie gerade erst in die Ladeindustrie einsteigen oder Ihr bestehendes Gesch\u00e4ft optimieren und skalieren m\u00f6chten, unser Expertenteam freut sich auf eine Diskussion dar\u00fcber, wie unsere innovative Ladesoftware ma\u00dfgeschneiderte L\u00f6sungen f\u00fcr Sie bereitstellen kann. Nehmen Sie an unserer n\u00e4chsten Veranstaltung teil und erfahren Sie aus erster Hand, wie AMPECO Ihren Erfolg in der sich schnell entwickelnden Welt der Elektrofahrzeuge beschleunigen kann.<\/p>\n\n\n\n<div class=\"wp-block-buttons is-layout-flex wp-block-buttons-is-layout-flex\">\n<div class=\"wp-block-button\"><a class=\"wp-block-button__link wp-element-button\" href=\"https:\/\/www.ampeco.com\/de\/kontakt-uns\/\">Kontaktieren Sie uns<\/a><\/div>\n<\/div>\n<\/div><figure class=\"wp-block-media-text__media\"><img loading=\"lazy\" decoding=\"async\" width=\"935\" height=\"1024\" src=\"https:\/\/www.ampeco.com\/content\/uploads\/2023\/05\/collage-ampeco-staff-at-different-events-935x1024.png\" alt=\"Collage mit Bildern von ampeco Mitarbeitern bei verschiedenen Veranstaltungen\" class=\"wp-image-19296 size-full\" title=\"\" srcset=\"https:\/\/www.ampeco.com\/content\/uploads\/2023\/05\/collage-ampeco-staff-at-different-events-935x1024.png 935w, https:\/\/www.ampeco.com\/content\/uploads\/2023\/05\/collage-ampeco-staff-at-different-events-274x300.png 274w, https:\/\/www.ampeco.com\/content\/uploads\/2023\/05\/collage-ampeco-staff-at-different-events-768x841.png 768w, https:\/\/www.ampeco.com\/content\/uploads\/2023\/05\/collage-ampeco-staff-at-different-events-96x105.png 96w, https:\/\/www.ampeco.com\/content\/uploads\/2023\/05\/collage-ampeco-staff-at-different-events-330x361.png 330w, https:\/\/www.ampeco.com\/content\/uploads\/2023\/05\/collage-ampeco-staff-at-different-events-660x723.png 660w, https:\/\/www.ampeco.com\/content\/uploads\/2023\/05\/collage-ampeco-staff-at-different-events-512x561.png 512w, https:\/\/www.ampeco.com\/content\/uploads\/2023\/05\/collage-ampeco-staff-at-different-events-1024x1121.png 1024w, https:\/\/www.ampeco.com\/content\/uploads\/2023\/05\/collage-ampeco-staff-at-different-events-600x657.png 600w, https:\/\/www.ampeco.com\/content\/uploads\/2023\/05\/collage-ampeco-staff-at-different-events-840x920.png 840w, https:\/\/www.ampeco.com\/content\/uploads\/2023\/05\/collage-ampeco-staff-at-different-events.png 1160w\" sizes=\"auto, (max-width: 935px) 100vw, 935px\" \/><\/figure><\/div>\n<\/div>\n<\/div>\n","protected":false},"excerpt":{"rendered":"<p>Treffen Sie uns pers\u00f6nlich! Ganz gleich, ob Sie gerade erst in die Ladeindustrie einsteigen oder Ihr bestehendes Gesch\u00e4ft optimieren und skalieren m\u00f6chten, unser Expertenteam freut sich auf eine Diskussion dar\u00fcber, wie unsere [&hellip;]<\/p>\n","protected":false},"author":5,"featured_media":22341,"parent":0,"menu_order":0,"comment_status":"closed","ping_status":"closed","template":"","meta":{"_acf_changed":false,"inline_featured_image":false,"footnotes":""},"class_list":["post-23841","page","type-page","status-publish","has-post-thumbnail","hentry"],"acf":[],"_links":{"self":[{"href":"https:\/\/www.ampeco.com\/de\/wp-json\/wp\/v2\/pages\/23841","targetHints":{"allow":["GET"]}}],"collection":[{"href":"https:\/\/www.ampeco.com\/de\/wp-json\/wp\/v2\/pages"}],"about":[{"href":"https:\/\/www.ampeco.com\/de\/wp-json\/wp\/v2\/types\/page"}],"author":[{"embeddable":true,"href":"https:\/\/www.ampeco.com\/de\/wp-json\/wp\/v2\/users\/5"}],"replies":[{"embeddable":true,"href":"https:\/\/www.ampeco.com\/de\/wp-json\/wp\/v2\/comments?post=23841"}],"version-history":[{"count":4,"href":"https:\/\/www.ampeco.com\/de\/wp-json\/wp\/v2\/pages\/23841\/revisions"}],"predecessor-version":[{"id":30376,"href":"https:\/\/www.ampeco.com\/de\/wp-json\/wp\/v2\/pages\/23841\/revisions\/30376"}],"wp:featuredmedia":[{"embeddable":true,"href":"https:\/\/www.ampeco.com\/de\/wp-json\/wp\/v2\/media\/22341"}],"wp:attachment":[{"href":"https:\/\/www.ampeco.com\/de\/wp-json\/wp\/v2\/media?parent=23841"}],"curies":[{"name":"wp","href":"https:\/\/api.w.org\/{rel}","templated":true}]}}

<div class="wp-block-cover aligncenter"><span aria-hidden="true" class="wp-block-cover__background has-background-dim wp-block-cover__gradient-background has-background-gradient has-dark-gradient-gradient-background"></span><img loading="lazy" decoding="async" width="2560" height="866" class="wp-block-cover__image-background wp-image-19323" alt="-" src="https://www.ampeco.com/content/uploads/2023/05/ampeco-team-at-events-scaled.jpg" style="object-position:46% 40%" data-object-fit="cover" data-object-position="46% 40%" title="" srcset="https://www.ampeco.com/content/uploads/2023/05/ampeco-team-at-events-scaled.jpg 2560w, https://www.ampeco.com/content/uploads/2023/05/ampeco-team-at-events-1536x519.jpg 1536w, https://www.ampeco.com/content/uploads/2023/05/ampeco-team-at-events-1920x649.jpg 1920w, https://www.ampeco.com/content/uploads/2023/05/ampeco-team-at-events-300x101.jpg 300w, https://www.ampeco.com/content/uploads/2023/05/ampeco-team-at-events-768x260.jpg 768w, https://www.ampeco.com/content/uploads/2023/05/ampeco-team-at-events-1024x346.jpg 1024w, https://www.ampeco.com/content/uploads/2023/05/ampeco-team-at-events-2048x693.jpg 2048w, https://www.ampeco.com/content/uploads/2023/05/ampeco-team-at-events-96x32.jpg 96w, https://www.ampeco.com/content/uploads/2023/05/ampeco-team-at-events-330x112.jpg 330w, https://www.ampeco.com/content/uploads/2023/05/ampeco-team-at-events-660x223.jpg 660w, https://www.ampeco.com/content/uploads/2023/05/ampeco-team-at-events-512x173.jpg 512w, https://www.ampeco.com/content/uploads/2023/05/ampeco-team-at-events-600x203.jpg 600w, https://www.ampeco.com/content/uploads/2023/05/ampeco-team-at-events-1200x406.jpg 1200w, https://www.ampeco.com/content/uploads/2023/05/ampeco-team-at-events-840x284.jpg 840w, https://www.ampeco.com/content/uploads/2023/05/ampeco-team-at-events-1680x568.jpg 1680w" sizes="auto, (max-width: 2560px) 100vw, 2560px" /><div class="wp-block-cover__inner-container is-layout-flow wp-block-cover-is-layout-flow">
<div style="border-radius:var(--spacing-4xl, 32px);overflow:hidden;" class="wp-block-group is-style-default is-layout-constrained wp-block-group-is-layout-constrained">
<p class="has-text-align-center has-white-color has-text-color has-m-font-size">Veranstaltungen</p>



<h1 class="has-text-align-center narrow-800 is-style-default m-b-32 has-white-color has-text-color has-xxl-font-size wp-block-heading"><strong>Termine und Veranstaltungen, wo wir uns treffen können</strong></h1>



<p class="has-text-align-center narrow-800 has-white-color has-text-color has-m-font-size">Lassen Sie uns besprechen, wie Sie Ihr EV-Ladegeschäft starten, optimieren und ausbauen können.</p>
</div>
</div></div>

<div style="border-radius:var(--spacing-4xl, 32px);overflow:hidden;" class="wp-block-group is-style-section-nds is-layout-constrained wp-block-group-is-layout-constrained">

<div id="events-block_f09bad97e14e80aaef2c0124c707e9db" class="block-events">
			<div id="events-container">
							<a href="https://www.ampeco.com/de/events/meet-ampeco-at-nordic-ev-summit-2026/" class="event future" data-event-id="53844">
	<div class="event-date">
					<span class="day">
				06			</span>
			<span class="month">
				May			</span>
			</div>
	<div class="event-content">
		<h2 class="event-title">
			Nordic EV Summit 2026		</h2>
		<div class="event-excerpt">
			<p>Meet AMPECO at Nordic EV Summit 2026 in Lillestrøm, May 6–7. Returning exhibitor with live CoOperator AI demos. Book a meeting with our team at NEVS 2026.</p></div>
					<p class="at-the-event">Meet us at <span>Booth B02-10</span></p>
		
		<div class="entry_meta_read_more">
			<span>
				Read More			</span>
		</div>
	</div>
</a>
							<a href="https://www.ampeco.com/de/events/meet-ampeco-at-act-expo-2026/" class="event future" data-event-id="53764">
	<div class="event-date">
					<span class="day">
				04			</span>
			<span class="month">
				May			</span>
			</div>
	<div class="event-content">
		<h2 class="event-title">
			ACT Expo 2026		</h2>
		<div class="event-excerpt">
			<p>Join AMPECO in Las Vegas, USA, May 4-7, 2026 at North America&#8217;s largest advanced vehicle technology event. Explore our EV charging platform alongside industry leaders shaping the future of fleet electrification.</p></div>
					<p class="at-the-event">Meet us at <span>BOOTH 3001</span></p>
		
		<div class="entry_meta_read_more">
			<span>
				Read More			</span>
		</div>
	</div>
</a>
							<a href="https://www.ampeco.com/de/events/meet-ampeco-at-ev-and-charging-expo-2026/" class="event past" data-event-id="53442">
	<div class="event-date">
					<span class="day">
				08			</span>
			<span class="month">
				Apr			</span>
			</div>
	<div class="event-content">
		<h2 class="event-title">
			EV &#038; Charging Expo 2026		</h2>
		<div class="event-excerpt">
			<p>Join us at Canada&#8217;s leading event for zero-emissions transportation and EV charging infrastructure. Meet the AMPECO team at Booth 622.</p></div>
					<p class="at-the-event">Meet us at <span>BOOTH 622</span></p>
		
		<div class="entry_meta_read_more">
			<span>
				Read More			</span>
		</div>
	</div>
</a>
							<a href="https://www.ampeco.com/de/events/meet-ampeco-at-ev-charging-summit-expo-2026/" class="event past" data-event-id="52042">
	<div class="event-date">
					<span class="day">
				17			</span>
			<span class="month">
				Mar			</span>
			</div>
	<div class="event-content">
		<h2 class="event-title">
			EV Charging Summit &#038; Expo 2026		</h2>
		<div class="event-excerpt">
			<p>Join AMPECO at EV Charging Summit &amp; Expo 2026, North America&#8217;s largest event dedicated to EV charging infrastructure. Meet our team at Booth #1601 and hear Michael Greenberg share insights on charger utilization and managed charging programs.</p></div>
					<p class="at-the-event">Meet us at <span>BOOTH 1601</span></p>
		
		<div class="entry_meta_read_more">
			<span>
				Read More			</span>
		</div>
	</div>
</a>
							<a href="https://www.ampeco.com/de/events/meet-ampeco-at-key-the-energy-transition-expo-2026/" class="event past" data-event-id="52116">
	<div class="event-date">
					<span class="day">
				04			</span>
			<span class="month">
				Mar			</span>
			</div>
	<div class="event-content">
		<h2 class="event-title">
			KEY &#8211; The Energy Transition Expo 2026		</h2>
		<div class="event-excerpt">
			<p>Meet AMPECO at KEY &#8211; The Energy Transition Expo 2026, March 4-6 in Rimini, Italy. Visit us at the e-Mobility Expo to explore our EV charging management platform</p></div>
					<p class="at-the-event">Meet us at <span>BOOTH 144</span></p>
		
		<div class="entry_meta_read_more">
			<span>
				Read More			</span>
		</div>
	</div>
</a>
					</div>
					<div class="wp-block-button aligncenter is-style-short-underline-nds-centered load-more-events-button">
				<button class="wp-block-button__link" id="load-more">Load More Events</button>
			</div>
			</div>



<div class="wp-block-group reveal is-style-section-nds-1100 is-layout-constrained wp-block-group-is-layout-constrained">
<div class="wp-block-media-text has-media-on-the-right is-stacked-on-mobile"><div class="wp-block-media-text__content">
<h2 class="wp-block-heading">Treffen Sie uns persönlich!</h2>



<p class="has-m-font-size">Ganz gleich, ob Sie gerade erst in die Ladeindustrie einsteigen oder Ihr bestehendes Geschäft optimieren und skalieren möchten, unser Expertenteam freut sich auf eine Diskussion darüber, wie unsere innovative Ladesoftware maßgeschneiderte Lösungen für Sie bereitstellen kann. Nehmen Sie an unserer nächsten Veranstaltung teil und erfahren Sie aus erster Hand, wie AMPECO Ihren Erfolg in der sich schnell entwickelnden Welt der Elektrofahrzeuge beschleunigen kann.</p>



<div class="wp-block-buttons is-layout-flex wp-block-buttons-is-layout-flex">
<div class="wp-block-button"><a class="wp-block-button__link wp-element-button" href="https://www.ampeco.com/de/kontakt-uns/">Kontaktieren Sie uns</a></div>
</div>
</div><figure class="wp-block-media-text__media"><img loading="lazy" decoding="async" width="935" height="1024" src="https://www.ampeco.com/content/uploads/2023/05/collage-ampeco-staff-at-different-events-935x1024.png" alt="Collage mit Bildern von ampeco Mitarbeitern bei verschiedenen Veranstaltungen" class="wp-image-19296 size-full" title="" srcset="https://www.ampeco.com/content/uploads/2023/05/collage-ampeco-staff-at-different-events-935x1024.png 935w, https://www.ampeco.com/content/uploads/2023/05/collage-ampeco-staff-at-different-events-274x300.png 274w, https://www.ampeco.com/content/uploads/2023/05/collage-ampeco-staff-at-different-events-768x841.png 768w, https://www.ampeco.com/content/uploads/2023/05/collage-ampeco-staff-at-different-events-96x105.png 96w, https://www.ampeco.com/content/uploads/2023/05/collage-ampeco-staff-at-different-events-330x361.png 330w, https://www.ampeco.com/content/uploads/2023/05/collage-ampeco-staff-at-different-events-660x723.png 660w, https://www.ampeco.com/content/uploads/2023/05/collage-ampeco-staff-at-different-events-512x561.png 512w, https://www.ampeco.com/content/uploads/2023/05/collage-ampeco-staff-at-different-events-1024x1121.png 1024w, https://www.ampeco.com/content/uploads/2023/05/collage-ampeco-staff-at-different-events-600x657.png 600w, https://www.ampeco.com/content/uploads/2023/05/collage-ampeco-staff-at-different-events-840x920.png 840w, https://www.ampeco.com/content/uploads/2023/05/collage-ampeco-staff-at-different-events.png 1160w" sizes="auto, (max-width: 935px) 100vw, 935px" /></figure></div>
</div>
</div>

<p>Treffen Sie uns persönlich! Ganz gleich, ob Sie gerade erst in die Ladeindustrie einsteigen oder Ihr bestehendes Geschäft optimieren und skalieren möchten, unser Expertenteam freut sich auf eine Diskussion darüber, wie unsere [&hellip;]</p>
